factor of 30284 and 452?
452
What is the highest common factor of 37016 and 56?
56
Calculate the highest common factor of 20050 and 100.
50
What is the greatest common factor of 728 and 25389?
91
What is the greatest common factor of 372031 and 5455?
1091
Calculate the greatest common divisor of 603 and 361733.
67
Calculate the greatest common factor of 2499 and 17289.
51
Calculate the greatest common factor of 235375 and 42.
7
What is the highest common divisor of 547 and 97?
1
Calculate the greatest common factor of 157459 and 202.
101
What is the greatest common divisor of 15908 and 32398?
194
What is the greatest common factor of 585 and 493725?
15
What is the greatest common factor of 1765 and 80?
5
What is the greatest common factor of 122750 and 2375?
125
What is the highest common divisor of 47372 and 65?
13
Calculate the greatest common divisor of 4872 and 91.
7
What is the greatest common factor of 525432 and 312?
24
Calculate the highest common factor of 11803 and 22.
11
Calculate the greatest common divisor of 1659931 and 2146.
1073
Calculate the highest common factor of 11623 and 24625.
197
What is the highest common divisor of 11844 and 8037?
423
What is the greatest common factor of 1874 and 18044746?
1874
What is the greatest common factor of 837 and 187054?
31
What is the greatest common divisor of 6272 and 37184?
448
What is the highest common factor of 16416 and 384?
96
Calculate the highest common divisor of 768 and 69672.
24
What is the highest common divisor of 4803582 and 42?
42
What is the highest common divisor of 177723 and 44733?
1209
Calculate the greatest common factor of 335 and 36247.
67
Calculate the greatest common divisor of 20 and 6770.
10
What is the greatest common factor of 2718 and 144?
18
Calculate the greatest common divisor of 255 and 567885.
255
What is the greatest common factor of 1222 and 1690?
26
What is the greatest common divisor of 1650 and 30150?
150
Calculate the highest common factor of 248296 and 41.
41
Calculate the highest common factor of 6 and 196554.
6
Calculate the highest common factor of 13769 and 539.
49
Calculate the highest common divisor of 62528 and 2176.
64
What is the greatest common divisor of 4459 and 44933?
343
What is the greatest common factor of 435 and 48865?
145
Calculate the greatest common divisor of 8541 and 1557.
9
Calculate the greatest common factor of 3540482 and 44.
22
What is the highest common factor of 27216 and 840?
168
What is the greatest common factor of 463 and 463?
463
Calculate the greatest common factor of 2652 and 520.
52
What is the highest common divisor of 1353 and 485727?
1353
What is the highest common factor of 156 and 14038284?
156
What is the highest common divisor of 320 and 151380?
20
Calculate the highest common factor of 3003 and 947947.
1001
Calculate the greatest common factor of 279049 and 692.
173
Calculate the greatest common divisor of 57 and 20843.
19
Calculate the highest common factor of 13208 and 24.
8
What is the greatest common divisor of 896 and 16?
16
Calculate the highest common divisor of 1300 and 177450.
650
What is the greatest common divisor of 78 and 5681?
13
Calculate the highest common factor of 77 and 22225.
7
Calculate the highest common divisor of 98 and 253932.
14
Calculate the highest common divisor of 19537 and 1.
1
What is the highest common factor of 1192 and 6235352?
1192
Calculate the greatest common divisor of 22871 and 5.
1
What is the highest common divisor of 17 and 11415?
1
Calculate the highest common factor of 51496 and 1312.
328
Calculate the highest common factor of 516 and 765228.
516
Calculate the highest common factor of 3280 and 24395.
205
Calculate the highest common divisor of 279 and 5823.
9
What is the greatest common factor of 110 and 4464130?
110
Calculate the greatest common factor of 13838 and 2368.
74
What is the greatest common factor of 46973 and 214?
107
What is the greatest common factor of 36 and 23692?
4
What is the highest common factor of 69778 and 9789?
251
Calculate the greatest common factor of 4944 and 9476.
412
What is the highest common factor of 1015 and 7134?
29
What is the greatest common divisor of 4368 and 3192?
168
Calculate the greatest common divisor of 23 and 283567.
23
What is the highest common factor of 1079865 and 216?
27
Calculate the highest common divisor of 1016 and 190754.
254
What is the highest common factor of 300304 and 1644?
548
Calculate the highest common factor of 6327 and 130055.
703
What is the highest common divisor of 4260 and 36420?
60
Calculate the highest common factor of 91 and 1140035.
13
Calculate the highest common factor of 260 and 39286.
26
What is the greatest common divisor of 2044 and 3577?
511
Calculate the greatest common divisor of 1171135 and 7.
7
Calculate the greatest common divisor of 961652 and 344.
172
Calculate the greatest common divisor of 3186 and 8850.
354
Calculate the highest common factor of 544577 and 341.
341
Calculate the highest common factor of 15485 and 7885.
95
What is the greatest common divisor of 1584 and 228492?
396
Calculate the highest common factor of 4629 and 2033674.
1543
Calculate the highest common divisor of 10961 and 2825.
113
Calculate the highest common divisor of 190 and 46810.
10
Calculate the highest common factor of 6603 and 3763.
71
What is the greatest common factor of 80 and 6152?
8
Calculate the greatest common factor of 278 and 135803.
139
What is the highest common divisor of 33726 and 1694?
154
Calculate the highest common divisor of 1188 and 404.
4
What is the highest common factor of 1666 and 704599?
119
Calculate the greatest common divisor of 224 and 5761.
7
What is the greatest common divisor of 16 and 5582?
2
Calculate the highest common factor of 8 and 177256.
8
Calculate the highest common factor of 24 and 1517928.
24
What is the greatest common factor of 423 and 1487127?
141
Calculate the highest common factor of 175422 and 8112.
1014
Calculate the greatest common divisor of 2499081 and 139.
139
What is the highest common factor of 6461 and 1387127?
497
What is the greatest common factor of 1260 and 25065?
45
Calculate the greatest common factor of 26228 and 158.
158
Calculate the highest common factor of 1289224 and 261.
29
What is the highest common divisor of 312900 and 75?
75
What is the greatest common divisor of 157 and 115081?
157
Calculate the highest common divisor of 169 and 15184.
13
Calculate the greatest common factor of 52 and 9191.
13
Calculate the greatest common factor of 9 and 7551.
9
Calculate the greatest common factor of 3941696 and 1210.
242
Calculate the greatest common factor of 124 and 329624.
4
What is the highest common divisor of 294217 and 121?
11
Calculate the highest common divisor of 12585 and 615.
15
Calculate the greatest common factor of 15 and 23043.
3
Calculate the greatest common factor of 6105 and 104340.
555
Calculate the greatest common factor of 158 and 2604709.
79
Calculate the highest common divisor of 442 and 199394.
26
What is the greatest common factor of 109531 and 19363?
289
What is the highest common factor of 39406 and 116926?
646
Calculate the highest common divisor of 470776 and 664.
664
What is the greatest common divisor of 110320 and 420?
140
Calculate the greatest common divisor of 129 and 84.
3
Calculate the greatest common factor of 130 and 2954510.
130
What is the greatest common factor of 13590 and 147105?
45
Calculate the highest common divisor of 829143 and 214.
107
Calculate the highest common divisor of 1984 and 304.
16
What is the greatest common divisor of 33687 and 15366?
591
What is the highest common factor of 124 and 455762?
62
What is the greatest common divisor of 2589842 and 606?
202
What is the highest common factor of 1202240 and 136?
136
What is the greatest common divisor of 58 and 741733?
29
What is the greatest common divisor of 38165 and 493?
17
What is the highest common divisor of 240028 and 230?
46
What is the greatest common factor of 179 and 13425?
179
What is the greatest common divisor of 2003964 and 4?
4
Calculate the highest common divisor of 46 and 206.
2
What is the highest common divisor of 5096 and 1624?
56
Calculate the greatest common factor of 2384712 and 198.
198
Calcul